{"id":425,"date":"2021-09-13T10:49:57","date_gmt":"2021-09-13T08:49:57","guid":{"rendered":"https:\/\/fabelf.de\/gta-portal\/?page_id=425"},"modified":"2026-04-30T09:04:31","modified_gmt":"2026-04-30T07:04:31","slug":"fabelf-praxistipps","status":"publish","type":"page","link":"https:\/\/fabelf.de\/gta-portal\/hilfe\/fabelf-praxistipps\/","title":{"rendered":"FABelF Praxistipps f\u00fcr Schulen"},"content":{"rendered":"\n<p>Auf dieser Seite werden f\u00fcr unsere Nutzenden in den Schulen einige Praxistipps f\u00fcr die schnelle und korrekte Anwendung von FABelF vorgestellt:<\/p>\n\n\n\n<h2 class=\"wp-block-heading\">Allgemeine Hinweise<\/h2>\n\n\n\n<ul class=\"wp-block-list\">\n<li><a href=\"https:\/\/fabelf.de\/gta-portal\/zusammenarbeit-zwischen-schultraeger-und-schule-mit-fabelf-zeitliche-struktur\/\" data-type=\"post\" data-id=\"1596\">Zeitplan des GTA Schuljahres: Aufgaben f\u00fcr Schulen und Schultr\u00e4ger<\/a><\/li>\n\n\n\n<li><a href=\"https:\/\/fabelf.de\/gta-portal\/praxistipp-effizient-in-fabelf-arbeiten\/\" data-type=\"post\" data-id=\"755\">Effizient mit FABelF arbeiten: drei Praxistipps<\/a><\/li>\n<\/ul>\n\n\n\n<h2 class=\"wp-block-heading\">Arbeit mit Honorarvertr\u00e4gen<\/h2>\n\n\n\n<ul class=\"wp-block-list\">\n<li><a href=\"https:\/\/fabelf.de\/gta-portal\/der-umgang-mit-honorvertraegen-im-laufe-des-schuljahres-in-fabelf-eine-kleine-anleitung\/\" data-type=\"post\" data-id=\"1625\">Eine kleine Anleitung zur Arbeit mit Honorarvertr\u00e4gen im Laufe des Schuljahres<\/a><\/li>\n\n\n\n<li><a href=\"https:\/\/fabelf.de\/gta-portal\/praxistipp-fabelf-iban-im-honorarvertrag\/\" data-type=\"post\" data-id=\"389\">IBAN-Nummer korrekt in Honorarvertr\u00e4ge eintragen<\/a><\/li>\n\n\n\n<li><a href=\"https:\/\/fabelf.de\/gta-portal\/praxistipp-fabelf-falscher-dateityp-beim-ausdruck-honorarvertraege-2\/\" data-type=\"post\" data-id=\"1104\">Fehlerhaftes Dateiformat (index.php) erscheint beim Ausdruck des Vertrages<\/a><\/li>\n\n\n\n<li><a href=\"https:\/\/fabelf.de\/gta-portal\/honorarvertraege-ausdrucken\/\" data-type=\"post\" data-id=\"482\">Probleme beim Ausdruck der Honorarvertr\u00e4ge beheben<\/a><\/li>\n\n\n\n<li><a href=\"https:\/\/fabelf.de\/gta-portal\/dresden-umwidmung-der-honorarvertraege-aktiviert\/\" data-type=\"post\" data-id=\"475\">Umwidmungsfunktion von Honorarvertr\u00e4gen<\/a> (Dresden)<\/li>\n\n\n\n<li><a href=\"https:\/\/fabelf.de\/gta-portal\/umwidmungsfunktion-in-leipzig-aktiviert\/\" data-type=\"post\" data-id=\"831\">Umwidmungsfunktion von Honorarvertr\u00e4gen (Leipzig)<\/a><\/li>\n\n\n\n<li><a href=\"https:\/\/fabelf.de\/gta-portal\/praxistipp-fabelf-umwidmungsantraege-zuruecknehmen\/\" data-type=\"post\" data-id=\"984\">fehlerhafte Umwidmungen l\u00f6schen<\/a><\/li>\n<\/ul>\n\n\n\n<h2 class=\"wp-block-heading\">FABelF Funktionen im Detail<\/h2>\n\n\n\n<ul class=\"wp-block-list\">\n<li><a href=\"https:\/\/fabelf.de\/gta-portal\/neue-fabelf-funktionen-vorgestellt-jahresabschlussbutton\/\" data-type=\"post\" data-id=\"460\">Der Jahresabschlussbutton<\/a><\/li>\n\n\n\n<li><a href=\"https:\/\/fabelf.de\/gta-portal\/fabelf-funktionen-im-detail-situationsbericht-honorarkraft\/\">Der Situationsbericht f\u00fcr Honorarkr\u00e4fte<\/a><\/li>\n\n\n\n<li><a href=\"https:\/\/fabelf.de\/gta-portal\/hilfe\/fabelf-praxistipps\/die-zahlen-der-tabellen-der-fabelf-zusammenfassung-des-schuljahres\/\" data-type=\"link\" data-id=\"https:\/\/fabelf.de\/gta-portal\/hilfe\/fabelf-praxistipps\/die-zahlen-der-tabellen-der-fabelf-zusammenfassung-des-schuljahres\/\">Die Berechnung der Zahlenwerte der Tabellen in der Zusammenfassung des Schuljahres<\/a><\/li>\n\n\n\n<li><a href=\"https:\/\/fabelf.de\/gta-portal\/hilfe\/fabelf-praxistipps\/die-benachrichtigungsfunktion\/\" data-type=\"page\" data-id=\"845\">Die Benachrichtigungsfunktion<\/a> <\/li>\n\n\n\n<li><a href=\"https:\/\/fabelf.de\/gta-portal\/hilfe\/fabelf-praxistipps\/uebernahmefunktion-der-angebote-ins-neue-schuljahr\/\">Die Kurs\u00fcbernahme ins neue Schuljahr<\/a><\/li>\n\n\n\n<li><a href=\"https:\/\/fabelf.de\/gta-portal\/praxistipp-fabelf-unbenutzte-plansummen-fuer-sachkosten-schnell-verschieben\/\" data-type=\"post\" data-id=\"1373\">unbenutzte Sachkosten schnell verschieben<\/a><\/li>\n<\/ul>\n","protected":false},"excerpt":{"rendered":"<p>Auf dieser Seite werden f\u00fcr unsere Nutzenden in den Schulen einige Praxistipps f\u00fcr die schnelle und korrekte Anwendung von FABelF vorgestellt: Allgemeine Hinweise Arbeit mit Honorarvertr\u00e4gen FABelF Funktionen im Detail<\/p>\n","protected":false},"author":2,"featured_media":0,"parent":179,"menu_order":0,"comment_status":"closed","ping_status":"closed","template":"","meta":{"footnotes":""},"class_list":["post-425","page","type-page","status-publish","hentry","entry"],"_links":{"self":[{"href":"https:\/\/fabelf.de\/gta-portal\/wp-json\/wp\/v2\/pages\/425","targetHints":{"allow":["GET"]}}],"collection":[{"href":"https:\/\/fabelf.de\/gta-portal\/wp-json\/wp\/v2\/pages"}],"about":[{"href":"https:\/\/fabelf.de\/gta-portal\/wp-json\/wp\/v2\/types\/page"}],"author":[{"embeddable":true,"href":"https:\/\/fabelf.de\/gta-portal\/wp-json\/wp\/v2\/users\/2"}],"replies":[{"embeddable":true,"href":"https:\/\/fabelf.de\/gta-portal\/wp-json\/wp\/v2\/comments?post=425"}],"version-history":[{"count":18,"href":"https:\/\/fabelf.de\/gta-portal\/wp-json\/wp\/v2\/pages\/425\/revisions"}],"predecessor-version":[{"id":1628,"href":"https:\/\/fabelf.de\/gta-portal\/wp-json\/wp\/v2\/pages\/425\/revisions\/1628"}],"up":[{"embeddable":true,"href":"https:\/\/fabelf.de\/gta-portal\/wp-json\/wp\/v2\/pages\/179"}],"wp:attachment":[{"href":"https:\/\/fabelf.de\/gta-portal\/wp-json\/wp\/v2\/media?parent=425"}],"curies":[{"name":"wp","href":"https:\/\/api.w.org\/{rel}","templated":true}]}}